s the greatest common factor of d and 430?
10
Let c(u) = u**2 - 9*u + 26. Let b = -27 + 4. Let l be ((-2)/4)/(b/(-12) - 2). Let q be c(l). What is the highest common divisor of 1 and q?
1
Suppose 30*x - 36*x + 174 = 0. Let o = -18 + x. Calculate the highest common factor of 253 and o.
11
Suppose 3*g = 20*g + 2*g. Suppose g = 2*w + 3*n - 233, 3*n = 3*w + 2*n - 377. What is the greatest common factor of 12 and w?
4
Let l(d) = d**3 + 29*d**2 - 37*d - 130. Let z be l(-30). What is the greatest common factor of 280 and z?
40
Let t = -9912 + 10296. Calculate the highest common factor of t and 6.
6
Let v be ((-963)/12)/((-66)/88). Suppose -4*x + 106 = w, -24 = 3*x - w - v. What is the greatest common factor of x and 54?
27
Let p(l) = l**3 - 792*l + l**3 + 5*l**2 + 809*l - 22 - 3*l**3. Let j be p(6). What is the highest common divisor of 66 and j?
22
Let z(m) = m**3 + 15*m**2 - 2*m + 42. Let x be (13/(-5))/(11/55). Let s be z(x). Calculate the highest common factor of s and 14.
14
Suppose 2*i - 4 = 0, -b + i + 0*i = -1. Let p be (b + -2)/(1/8). What is the greatest common divisor of 88 and p?
8
Let p be (69 - -1)*(-60)/(-100). Suppose n = -3*k - 136, -2*k + k + 3*n - 52 = 0. Let q = -18 - k. What is the greatest common divisor of p and q?
14
Let g = -12 - -96. Let j = -7343 + 7355. Calculate the greatest common divisor of g and j.
12
Let h be (-2)/30*-3 - (12 + 979/(-5)). Calculate the highest common factor of h and 4462.
46
Suppose 3*b - 19171 = v, b + 133*v = 130*v + 6397. What is the greatest common factor of b and 11?
11
Let r = 39 + -24. Let w be ((-4)/(-10))/(3/r). Suppose 0 = -u - 5*d - 21, 6*u = -3*u + d + 41. Calculate the highest common divisor of u and w.
2
Let q = 251 - 299. Let u = 110 + q. Calculate the greatest common divisor of u and 558.
62
Let b = 3848 + 2565. Calculate the greatest common divisor of b and 121.
121
Suppose 3*v - 2*v - 62 = 2*q, 5*q + 239 = 4*v. Let a = -60 + v. Let m be (336/(-98))/(a/14). Calculate the highest common factor of m and 18.
6
Let l be 15 - (-993 - 72/4). Calculate the greatest common divisor of l and 297.
27
Suppose c - 3*m = 49, -3 + 6 = m. Suppose 0 = 51*y - c*y + 28. What is the greatest common divisor of 16 and y?
4
Let y(o) = 364*o**2 + 466*o + 467. Let b be y(-1). What is the highest common factor of 949 and b?
73
Let a be (-1)/2*(-1 + 1) - -84. Let r = -24 + a. Suppose 0*v + 5*y + r = 5*v, 44 = 3*v + y. Calculate the highest common factor of v and 126.
14
Let l(q) = q**3 + 7*q**2 + 4*q - 7. Let r be l(-6). Suppose -9 = -3*j, -3*s + 1464 = j + 1401. What is the greatest common divisor of r and s?
5
Suppose -4 = -3*l + 5. Suppose -3*u + l*i = -104 - 40, 0 = 2*u + i - 96. Suppose -2*v - 25 + 89 = 0. Calculate the highest common factor of v and u.
16
Let n = -10644 + 11359. Calculate the greatest common divisor of 3003 and n.
143
Let h(z) = -2*z + 108. Let x be 1/(-4)*(9 + -9). Let o be x/(2/5*5). Let k be h(o). What is the greatest common factor of k and 12?
12
Let j = -69 - -128. Suppose 0 = b + h - 0*h - j, -2*h - 182 = -3*b. Calculate the greatest common factor of 240 and b.
60
Let z = 87 - 76. Suppose z = f - 205. Calculate the highest common factor of f and 24.
24
Let k(d) = -d**2 - 70*d + 4449. Let j be k(-88). Calculate the highest common divisor of j and 2.
1
Let w = 2047 + -1997. What is the greatest common divisor of 2575 and w?
25
Suppose 2341*v - 2366*v + 42525 = 0. Calculate the greatest common divisor of v and 162.
81
Let r be (1008/108 + -6)*(-66)/(-4). Calculate the highest common factor of 143 and r.
11
Let v be (2/(-5))/((-3)/30). Let u(t) = 4*t**2 - 14*t - 8. Let x be u(4). Suppose x = -15*o + 16*o - 1. Calculate the greatest common divisor of v and o.
1
Let h = 2146 - -815. What is the greatest common factor of 18 and h?
9
Suppose 4*t + 900 = 2*p, 2*p - 232 - 668 = -2*t. Suppose -75*m - p = -78*m. Calculate the greatest common factor of m and 60.
30
Suppose -4*n + 240 = 2*d, -5*n = 4*d - 9*d + 630. Let a(c) = -c**2 - 5*c - 5. Let w be a(-5). Let q = w + 36. What is the greatest common divisor of q and d?
31
Let k be 4/(-2)*(-3 + (-2175)/6). Suppose 200*c - 221 = 187*c. What is the highest common factor of k and c?
17
Let n be ((-140)/(-70) - 1*262)*-6. What is the highest common factor of 416 and n?
104
Suppose -35 = -253*w + 252*w. What is the highest common divisor of 329 and w?
7
Let f be -3*32/(-42) - 2/7. Let m(r) = 5*r**2 + 3*r + 1. Let p be m(f). What is the highest common factor of 36 and p?
9
Suppose 0 = m - 3, l - m + 0*m - 96 = 0. Calculate the highest common divisor of l and 6039.
99
Suppose -7*b + 8 = -3*b. Let q(w) = w. Let m be q(b). Suppose 0 = -a - 4*a + 2*v + 219, 2*a - 96 = -m*v. Calculate the greatest common divisor of a and 5.
5
Suppose -3*d + i = -12, -5*d + 21 = -3*d - 5*i. Let z = 1287 + -1279. What is the greatest common factor of z and d?
1
Let s(f) = f**2 + 144*f - 40. Let q(x) = -2*x**2 - x + 1. Let t(b) = -q(b) + s(b). Let h be t(-49). What is the highest common factor of h and 912?
57
Suppose 6*b - 89 = 109. Suppose b*q - 532 = -5*q. Suppose -2*k - 4*s + 112 = 0, 0 = -2*k + s + 34 + 78. Calculate the greatest common factor of q and k.
14
Suppose -269 = 4*g + 387. Let l = 186 + g. Calculate the highest common factor of l and 77.
11
Suppose -7*i = 8*i + 1140. Let n = i - -196. Calculate the greatest common divisor of 45 and n.
15
Let x be (148/(-12) + 5)/((-1)/3). Let t = x + -17. Suppose 3*q = 5*p - 0*p - 234, 60 = p - t*q. What is the highest common factor of 27 and p?
9
Let p(i) = -111*i + 948. Let b be p(-20). What is the greatest common factor of 99 and b?
99
Let s(l) = l**2 - 122*l - 2508. Let p be s(-18). Let o be (42/8)/((-2)/(-32)). Calculate the highest common factor of p and o.
12
Suppose 0 = 2*b + 2, -z - 9*b = -13*b - 91. What is the highest common factor of 3567 and z?
87
Let k(f) = 10*f - 410. Suppose -5*a = 2*g - 95, -156 = -3*g + 4*a - 25. Let z be k(g). What is the greatest common divisor of 260 and z?
20
Let g(m) be the third derivative of 11*m**6/120 - 13*m**5/12 - m**4/6 + m**3/6 - 100*m**2 - 2*m. Let x be g(7). What is the highest common divisor of 22 and x?
11
Suppose -3*s + 187 = 2*n, s - n + 27 = 91. Calculate the highest common divisor of 525 and s.
21
Let y be 2 - (-1623)/33 - 32/176*1. Suppose 7*b = 2*b + 425. What is the highest common divisor of y and b?
17
Suppose 30600 = 294*r + 6*r. Calculate the highest common divisor of 336 and r.
6
Suppose 13*h - 55 = -16. Suppose 2*t - h*j - 595 = -15, -2*t + 576 = -4*j. What is the highest common divisor of t and 74?
74
Suppose 60*k - 63*k = -q + 23, -k + 29 = 3*q. Let t be ((-6)/8)/(4/(-352)). Calculate the highest common factor of q and t.
11
Let h be (-6)/9*-18*(-1)/(-3). Let r = h - -1. Suppose -b + 5*b + m - 155 = 0, -r*m + 15 = 0. What is the greatest common factor of b and 304?
38
Let x = -29 + 32. Suppose 7 = x*d - l - 1, 4*d - 2*l = 10. Suppose 4*j - 5*b - 80 = -0*b, 2*j - 40 = -d*b. Calculate the highest common divisor of 60 and j.
20
Let c = -95 - -90. Let b(a) = a**3 + 4*a**2 - 13*a - 38. Let q be b(c). Calculate the highest common divisor of q and 1.
1
Suppose -270 = -134*d + 119*d. Suppose -d*j + 38*j = 520. Suppose w + 3 = 133. What is the highest common divisor of w and j?
26
Let t = -86 - -88. Let j(a) = 4 - 2 + 6*a - 1. Let n be j(t). What is the highest common divisor of 104 and n?
13
Let b(k) = -14*k - 82. Let s = 234 - 245. Let i be b(s). What is the greatest common divisor of i and 54?
18
Suppose -39 + 30 = -f. Suppose 4*u = -m + 31, 32 - f = 3*u + m. What is the greatest common divisor of 10 and u?
2
Suppose 3321 = 9*o + 1143. Calculate the highest common divisor of 154 and o.
22
Let d be -5*(3/5 - 1). Suppose -2*v = f + d*v - 173, 0 = -5*f + v + 886. Suppose b - 31 = f. Calculate the highest common factor of 26 and b.
26
Let z(n) = -n**2 + 26. Let t be z(0). Let l = t + -13. Let i = -326 + 339. What is the greatest common divisor of l and i?
13
Let y be ((-555)/(-9) - 3) + 1/3. Suppose 284 - y = t. What is the greatest common divisor of t and 25?
25
Let h(q) be the third derivative of -q**5/60 - 2*q**4/3 - 11*q**3/6 + 6*q**2 - 10. Let t be h(-14). Calculate the greatest common divisor of 1 and t.
1
Let s be 549/135*-5*-261. Calculate the greatest common